er when 56 is divided by (-2)/(-3)*(-33)/(-2).
1
Suppose 7*i + 21 = 4*i. Let s = i + 0. Let m = s + 13. What is the remainder when 21 is divided by m?
3
Suppose 3*s = j - 79, -j = 5*s - 116 + 5. What is the remainder when 158 is divided by j?
67
Let q(k) = -k**3 + 6*k**2 + 5*k - 6. Suppose 5*m + 3 = -5*v - 7, 0 = m + 2*v + 6. Let u = m + 21. What is the remainder when q(5) is divided by u?
21
Suppose 27*k + 79 = 565. Calculate the remainder when 51 is divided by k.
15
Let i(f) = 3*f + 103. What is the remainder when i(6) is divided by 34?
19
Let v = 16 - 5. Let q(s) = -23*s - 90. Calculate the remainder when q(-12) is divided by v.
10
Let v be (-100)/(-140)*(1 - -6). Suppose 40 = -v*i + 85. Calculate the remainder when 21 is divided by i.
3
Suppose -r = -2*m - 18, 5*r + 3*m - 97 = 6*m. Let o = -16936 - -17053. What is the remainder when o is divided by r?
17
Let v = -3 + 12. Suppose -4*a + v*a = 20. Suppose -a*z - z + 70 = 0. What is the remainder when 27 is divided by z?
13
Let y(m) = -m + 15. Suppose 2*o = -0*o + 12. Let a be y(o). What is the remainder when 4 is divided by (-2)/3*a/(-2)?
1
Suppose 0 = 2*k + v + 47 - 130, 39 = k - 2*v. Calculate the remainder when 284 is divided by k.
38
Suppose -5*y - u + 225 = -6*u, 3*u - 166 = -4*y. Let k(f) = -f**3 - 9*f**2 - 9*f + 3. Calculate the remainder when y is divided by k(-8).
10
Suppose 4*r - 13 + 1 = 0. Suppose -5*w = -v + 41, -r*v + w = -0*v - 151. Calculate the remainder when v is divided by 13.
12
Suppose -52 = -3*m + 227. Calculate the remainder when 171 is divided by m.
78
Suppose 2*b + 4*j + 132 = 0, 0 = -4*b - 2*j - 0*j - 294. Let x = b - -86. Calculate the remainder when 46 is divided by x.
6
Suppose 4*s - 18*s + 560 = 0. What is the remainder when 77 is divided by s?
37
Let v = 40 - 11. Suppose -4*h = -3*z + 275, 0 = 2*h - h + 2. Suppose s + 81 = z. Calculate the remainder when v is divided by s.
5
Let m be (-10)/30 + 86/6. Let w = 29 - m. Suppose 7*j - w = 27. What is the remainder when 22 is divided by j?
4
Let m = 30 + -10. Let b be (-138)/(-92)*(-2)/(-3). Suppose b = -g + m. Calculate the remainder when g is divided by 12.
7
Let j = -31 + 22. Let x = j - -14. Calculate the remainder when 13 is divided by x.
3
Let u = 155 + -93. Suppose 6*o = 428 - u. Suppose 2*h + o = 5*f, -2*h - 3*h = -f + 3. What is the remainder when 36 is divided by f?
10
Let t(i) = 9 - 3*i**3 + 0*i**3 - 3 + 18*i**2 + 4*i**3 - i. What is the remainder when t(-18) is divided by 14?
10
Suppose 5*l - 209 = -h, -4*l + 5*h + 86 + 58 = 0. Let u = 129 + 34. Calculate the remainder when u is divided by l.
40
Suppose -10*k + 312 = 16*k. Calculate the remainder when 82 is divided by k.
10
Let x(r) = -r**3 - 6*r**2 + r - 4. Let p(y) = -2*y**3 - 7*y**2 + y - 4. Let j(k) = -3*p(k) + 4*x(k). What is the remainder when j(4) is divided by 27?
26
Let w(r) = 9*r**2. Suppose 0 = 71*p - 74*p + 12. What is the remainder when w(-1) is divided by p?
1
Let u = 60 - 58. Suppose -4*x + 11 = 2*j - j, 4*j - 30 = -u*x. What is the remainder when 11 is divided by j?
4
Suppose -2*t = 13 - 21. Suppose t*k - r - 80 = 0, -r + 4*r - 80 = -4*k. Calculate the remainder when k is divided by 11.
9
Let a = 33 - 31. Let n(q) = 2*q + 2*q**2 - q**a + 41*q**2 + 21*q**2. What is the remainder when n(-1) is divided by 31?
30
Let j = 9 - 2. Suppose -u + 2*h = -j, 2*u + 2*h - 18 = -2*u. Suppose 12 = 2*i - 3*r, 4*i + 5*r = -13 + 15. Calculate the remainder when u is divided by i.
2
Let o = -341 + 548. Suppose -7*c - o = -10*c. Calculate the remainder when c is divided by 12.
9
Let i = -31 - -35. Suppose 0 = i*y - 0*y - 2*m - 306, -4*m = -3*y + 217. What is the remainder when y is divided by 40?
39
Suppose -3*q = -18 - 0. Suppose -2*z = -j - 21, -1 + 19 = z - 3*j. What is the remainder when z is divided by q?
3
Suppose u = -4*u. Let f = 33 + -24. Calculate the remainder when (-7 - -42) + u/(-2) is divided by f.
8
Let f be 0 + 0 + (-14)/7. Let k = f - -27. Suppose -4*z = -3*z - k. What is the remainder when z is divided by 9?
7
Let t = -166 + 248. Calculate the remainder when t is divided by 2.
0
Let j(t) = t**2 - 9*t - 5. Let g be j(10). Suppose 0 = -5*u - 2*n - 32, -6*u = -3*u + 4*n + 8. Let p = g - u. What is the remainder when 61 is divided by p?
9
Suppose 3*v - 25 - 2 = 0. Let a(s) = -5*s - 55. Calculate the remainder when v is divided by a(-12).
4
Let x(u) = -u + 11. Suppose 4*b - 156 = -3*m, -3*m - 78 = -2*b - 0*b. What is the remainder when b is divided by x(4)?
4
Suppose 5*t + 3*u - 819 = 0, 3*t + 4*u - 128 = 359. Calculate the remainder when t is divided by 23.
4
Suppose 24 = 3*m - 0*m. What is the remainder when m is divided by 6/10*(9 + -4)?
2
Let z(r) = -18*r. What is the remainder when (-1 - 67)/(8 - 9) is divided by z(-1)?
14
Let z be 2/(-3)*2*(-18)/(-8). Calculate the remainder when 71 is divided by 20/60 - 71/z.
23
Let q(h) = 13*h + 14*h**2 - h**3 + 24*h**2 - 28*h**2 - 13. What is the remainder when 12 is divided by q(11)?
3
Suppose 0*y - 2*y = -38. What is the remainder when 90 is divided by y?
14
Let l be (-8)/36 + 182/9. Let i = 18 + l. Let p = -5 + 15. Calculate the remainder when i is divided by p.
8
Let v = 272 - 225. What is the remainder when 84 is divided by v?
37
Let q = -161 - -188. Calculate the remainder when 239 is divided by q.
23
What is the remainder when 8 - (10*294)/(-10) is divided by 76?
74
Suppose 2*l + 640 = 5*d + 3*l, 3*l - 15 = 0. Suppose 0 = -4*u + 3*j + d, -5*u - 4*j - 68 = -219. What is the remainder when u is divided by 18?
13
Let o(y) = -y**3 + 8*y**2 + 6*y - 7. What is the remainder when o(6) is divided by 52?
49
Suppose -5*p + 0*d = -4*d + 663, 4*d + 12 = 0. Calculate the remainder when (-22)/(30/p - 4/63) is divided by 26.
25
Let m be 52/(-8) - (-15)/(-6). Let g(v) = -v**2 - 12*v - 21. What is the remainder when 7 is divided by g(m)?
1
Suppose -11*a + 77 = -616. Suppose -5*u = -4*w - 102, 4*u - 4*w = 53 + 27. Calculate the remainder when a is divided by u.
19
Let z = 98 + -95. Suppose 0*d = -z*d + 339. What is the remainder when d is divided by 19?
18
Let r = -203 - -226. Calculate the remainder when 98 is divided by r.
6
Calculate the remainder when 166 is divided by (-3 - (-6 - -3)) + 10 + 2.
10
Let v = 130 + -114. Calculate the remainder when 158 is divided by v.
14
Let v(j) = j + 3. Let n = -334 - -519. Suppose -n = -5*y - 15. Calculate the remainder when y is divided by v(9).
10
Let f = 667 + -638. Calculate the remainder when 347 is divided by f.
28
Let d(l) = -3*l**2 + 82*l + 78. What is the remainder when d(28) is divided by 3?
1
Suppose 21 - 19 = -2*k, -3*j = 5*k - 91. Calculate the remainder when 42 is divided by j.
10
Suppose j + 2*q + 2*q = 0, -5*j + 3*q = -23. Suppose 0 = b - 4*f - 28, 0 = -0*b - j*b + f + 37. Calculate the remainder when 37 is divided by b/5*(-200)/(-16).
17
Let l be 4/(0 + 1) - 4. Suppose 5*a - 5*j - 110 = -l*a, -4*a = 3*j - 95. Calculate the remainder when a is divided by 9.
5
Let k(d) = -27*d**2 + 140*d - 12. Let w = 40 + -3. What is the remainder when w is divided by k(5)?
11
Let f(b) = -60*b - 1. Let k(r) = 240*r + 5. Let y(m) = 9*f(m) + 2*k(m). Let z(o) = 2*o**2 - 11*o + 15. Calculate the remainder when y(-1) is divided by z(6).
19
Suppose -14*t = -3434 + 60. What is the remainder when t is divided by 22?
21
Suppose 0 = 4*x + 2*h - 16, -2*x + h + 12 = 4*h. Suppose -c + 4*c = 33. Suppose 4*k - c = 21. What is the remainder when k is divided by x?
2
Let i = -11 + 4. Let p = 41 + i. Calculate the remainder when 133 is divided by p.
31
Suppose 0*s + 22 = s - 4*k, 2*k - 66 = -3*s. Suppose 2*f + 116 = 2*m, -3*f - 90 = -2*m + 23. What is the remainder when m is divided by 0 + -1 + s*1?
19
Let g(y) = y - 21. Let c be g(17). What is the remainder when (140/(-7))/(((-5)/c)/(-5)) is divided by 21?
17
What is the remainder when 192 is divided by (12 - 15)*-13*1?
36
Let n = 697 - 539. Calculate the remainder when n is divided by 42.
32
Suppose -3*a = -14 - 13. Suppose 3 - 23 = -5*j, -5*j + 185 = -5*m. What is the remainder when a is divided by m/(-6) - 6/4?
1
Suppose 0 = -9*m + 30*m - 672. Calculate the remainder when m is divided by 11.
10
Let l(g) = g**2 - 6*g + 10. Let q(c) = -9*c - 48. What is the remainder when l(7) is divided by q(-6)?
5
Let r(g) = -g**3 + 6*g**2 - 8*g + 14. L